{"id":238,"date":"2022-09-13T22:11:02","date_gmt":"2022-09-13T22:11:02","guid":{"rendered":"https:\/\/azevedoesilvaadvogados.com.br\/?page_id=238"},"modified":"2022-09-19T22:14:30","modified_gmt":"2022-09-19T22:14:30","slug":"quem-somos","status":"publish","type":"page","link":"https:\/\/azevedoesilvaadvogados.com.br\/index.php\/quem-somos\/","title":{"rendered":"Quem somos"},"content":{"rendered":"\n<figure class=\"wp-block-image size-large\"><img fetchpriority=\"high\" decoding=\"async\" width=\"1024\" height=\"267\" src=\"https:\/\/azevedoesilvaadvogados.com.br\/wp-content\/uploads\/2022\/09\/banner-site-hervelt-advogados-quem-somos-1920-\u00d7-500-px-1024x267.png\" alt=\"\" class=\"wp-image-366\" srcset=\"https:\/\/azevedoesilvaadvogados.com.br\/wp-content\/uploads\/2022\/09\/banner-site-hervelt-advogados-quem-somos-1920-\u00d7-500-px-1024x267.png 1024w, https:\/\/azevedoesilvaadvogados.com.br\/wp-content\/uploads\/2022\/09\/banner-site-hervelt-advogados-quem-somos-1920-\u00d7-500-px-300x78.png 300w, https:\/\/azevedoesilvaadvogados.com.br\/wp-content\/uploads\/2022\/09\/banner-site-hervelt-advogados-quem-somos-1920-\u00d7-500-px-768x200.png 768w, https:\/\/azevedoesilvaadvogados.com.br\/wp-content\/uploads\/2022\/09\/banner-site-hervelt-advogados-quem-somos-1920-\u00d7-500-px-1536x400.png 1536w, https:\/\/azevedoesilvaadvogados.com.br\/wp-content\/uploads\/2022\/09\/banner-site-hervelt-advogados-quem-somos-1920-\u00d7-500-px-825x215.png 825w, https:\/\/azevedoesilvaadvogados.com.br\/wp-content\/uploads\/2022\/09\/banner-site-hervelt-advogados-quem-somos-1920-\u00d7-500-px-600x156.png 600w, https:\/\/azevedoesilvaadvogados.com.br\/wp-content\/uploads\/2022\/09\/banner-site-hervelt-advogados-quem-somos-1920-\u00d7-500-px-400x104.png 400w, https:\/\/azevedoesilvaadvogados.com.br\/wp-content\/uploads\/2022\/09\/banner-site-hervelt-advogados-quem-somos-1920-\u00d7-500-px.png 1920w\" sizes=\"(max-width: 1024px) 100vw, 1024px\" \/><\/figure>\n\n\n\n<p class=\"has-text-align-left\" style=\"font-size:18px\">Azevedo &amp; Silva Advogados Associados \u00e9 um escrit\u00f3rio de advocacia que busca oferecer ao p\u00fablico uma advocacia moderna e de excel\u00eancia, visando a obten\u00e7\u00e3o das melhores solu\u00e7\u00f5es jur\u00eddicas nas mais diversas \u00e1reas do direito, especialmente direito do trabalho, previdenci\u00e1rio, consumidor, tr\u00e2nsito e recupera\u00e7\u00e3o de RPV\/Precat\u00f3rios.<\/p>\n\n\n\n<p class=\"has-text-align-left\" style=\"font-size:18px\">O escrit\u00f3rio Azevedo &amp; Silva atende clientes em todo o Brasil, rompendo&nbsp;com barreiras&nbsp;geogr\u00e1ficas, uma vez que possui advogados preparados para dar assist\u00eancia de forma online, democratizando o acesso \u00e0 justi\u00e7a para que todos possam exercer seus direitos por meio da advocacia digital.<br><\/p>\n\n\n\n<p class=\"has-text-align-left\" style=\"font-size:18px\">Pautado em valores como comprometimento, defesa intransigente dos direitos, responsabilidade social, \u00e9tica e integridade, o escrit\u00f3rio Azevedo &amp; Silva vem construindo sua marca por meio da presta\u00e7\u00e3o de servi\u00e7os jur\u00eddicos h\u00e1 mais de uma d\u00e9cada.<\/p>\n\n\n\n<p><\/p>\n\n\n\n<ul class=\"wp-block-list\"><li>HERVELT C\u00c9SAR \u2013 OAB\/CE 20.660<br>Graduado em direito pela Faculdade Farias Brito (FFB), com p\u00f3s-gradua\u00e7\u00e3o em Direito P\u00fablico pela<br>Universidade Estadual Vale do Acara\u00fa. Advogado com mais de 15 anos de experi\u00eancia nas \u00e1reas de<br>direito do consumidor, previdenci\u00e1ria e trabalhista.<\/li><\/ul>\n\n\n\n<ul class=\"wp-block-list\"><li>VINICIUS HOLANDA \u2013 OAB\/CE 47.358<br>Graduado em direito pela Universidade de Fortaleza (UNIFOR). Atua predominantemente nas \u00e1reas de<br>direito do consumidor e direito de tr\u00e2nsito, de forma comprometida para o alcance dos direitos de quem busca a presta\u00e7\u00e3o jurisdicional.<\/li><\/ul>\n\n\n\n<ul class=\"wp-block-list\"><li>IGOR CRUZ AZEVEDO \u2013 OAB\/CE 23.563<br>Graduado em direito pela Universidade de Fortaleza (UNIFOR). Advogado com mais de 10 anos de<br>experi\u00eancia nas \u00e1reas previdenci\u00e1ria e trabalhista. \u00c9 Procurador de carreira do munic\u00edpio de S\u00e3o Gon\u00e7alo<br>do Amarante \u2013 CE.<\/li><\/ul>\n\n\n\n<div class=\"wp-block-buttons is-layout-flex wp-block-buttons-is-layout-flex\">\n<div class=\"wp-block-button\"><a class=\"wp-block-button__link\" href=\"https:\/\/azevedoesilvaadvogados.com.br\/\">in\u00edcio<\/a><\/div>\n<\/div>\n","protected":false},"excerpt":{"rendered":"<p>Azevedo &amp; Silva Advogados Associados \u00e9 um escrit\u00f3rio de advocacia que busca oferecer ao p\u00fablico uma advocacia moderna e de excel\u00eancia, visando a obten\u00e7\u00e3o das melhores solu\u00e7\u00f5es jur\u00eddicas nas mais diversas \u00e1reas do direito, especialmente direito do trabalho, previdenci\u00e1rio, consumidor,&hellip;<a href=\"https:\/\/azevedoesilvaadvogados.com.br\/index.php\/quem-somos\/\" class=\"more-link\"><span class=\"more-button\">Continue lendo<span class=\"screen-reader-text\">Quem somos<\/span><\/span><\/a><\/p>\n","protected":false},"author":1,"featured_media":0,"parent":0,"menu_order":0,"comment_status":"closed","ping_status":"closed","template":"","meta":{"_joinchat":[],"footnotes":""},"class_list":["post-238","page","type-page","status-publish","hentry"],"_links":{"self":[{"href":"https:\/\/azevedoesilvaadvogados.com.br\/index.php\/wp-json\/wp\/v2\/pages\/238","targetHints":{"allow":["GET"]}}],"collection":[{"href":"https:\/\/azevedoesilvaadvogados.com.br\/index.php\/wp-json\/wp\/v2\/pages"}],"about":[{"href":"https:\/\/azevedoesilvaadvogados.com.br\/index.php\/wp-json\/wp\/v2\/types\/page"}],"author":[{"embeddable":true,"href":"https:\/\/azevedoesilvaadvogados.com.br\/index.php\/wp-json\/wp\/v2\/users\/1"}],"replies":[{"embeddable":true,"href":"https:\/\/azevedoesilvaadvogados.com.br\/index.php\/wp-json\/wp\/v2\/comments?post=238"}],"version-history":[{"count":8,"href":"https:\/\/azevedoesilvaadvogados.com.br\/index.php\/wp-json\/wp\/v2\/pages\/238\/revisions"}],"predecessor-version":[{"id":367,"href":"https:\/\/azevedoesilvaadvogados.com.br\/index.php\/wp-json\/wp\/v2\/pages\/238\/revisions\/367"}],"wp:attachment":[{"href":"https:\/\/azevedoesilvaadvogados.com.br\/index.php\/wp-json\/wp\/v2\/media?parent=238"}],"curies":[{"name":"wp","href":"https:\/\/api.w.org\/{rel}","templated":true}]}}